 24.
12
Suppose -62 - 172 = -13*i. What is the highest common factor of 42 and i?
6
Let y = 5 + -3. Suppose y*s - 2 = s. Suppose 2*v = -c + 7, 8 = 2*c + s*v - 2. What is the greatest common divisor of 6 and c?
3
Let p(i) = 39*i - 4. Let c(s) = -19*s + 2. Let b(o) = 5*c(o) + 3*p(o). Let q be b(3). What is the greatest common factor of q and 8?
8
Suppose 4*v - 45 = -v. Suppose 2*f - c - v = 4, -2*f = -4*c + 2. Let r(g) = g**2 - 9*g + 2. Let p be r(f). Calculate the greatest common factor of p and 8.
2
Let v = 0 + -1. Let i be (-3*4/6)/v. What is the highest common divisor of i and 14?
2
Suppose 0 = 3*a + 2*a - 345. Let m = a + 4. Suppose 3*h - 239 = -4*y, 3*y = h - 2*h + m. What is the highest common divisor of h and 17?
17
Let t(w) = 2*w**3 - 2*w**2 + 2*w - 5. Suppose -13 = -j - 3*y, -2*y = -2*j + 2 - 0. Let p be t(j). Calculate the highest common divisor of p and 9.
9
Let b(g) = g**3 + 10*g**2 + 5*g - 14. Let y be b(-9). What is the highest common factor of y and 88?
22
Let z = -67 + 95. What is the greatest common factor of 4 and z?
4
Suppose 4*z - 21 = 5*n + 72, -3*z + 62 = 4*n. Let i = 20 + -9. What is the greatest common divisor of z and i?
11
Let d(w) = -w**3 + w**2 - 5*w - 7. Let p be d(-5). Calculate the highest common divisor of p and 42.
42
Let s be 2/(-9) - 460/(-45). What is the highest common factor of 4 and s?
2
Let d be (-543)/(-6) + (-7)/14. What is the greatest common factor of 20 and d?
10
Let i be 2/6 + 143/3. Let k = i - 15. What is the highest common factor of 22 and k?
11
Let f(a) = -5*a**3 - a**2 - a - 2. Let h be f(-2). What is the highest common divisor of h and 24?
12
Let j be 0/((-1)/((-2)/6)). Suppose -2*s - 6 = j, -2*s = 4*a - 76 - 78. Calculate the greatest common divisor of a and 5.
5
Let p(y) = y + 90. Let s be p(0). Calculate the greatest common divisor of s and 36.
18
Suppose -905 = -5*x - 5*g, 0 = -x - 3*g + 97 + 80. Let a = x + -120. Calculate the highest common factor of a and 7.
7
Let d(j) = -10*j + 6. Let n = -6 + 3. Let f be d(n). Suppose y - 2*g = -6*g - 16, -2*y + 28 = -4*g. Calculate the greatest common factor of f and y.
4
Let u = 12 - -14. Suppose 3*r + u = 5*r. Calculate the highest common divisor of r and 104.
13
Let o = 7 + -3. Suppose g = 3*s + 23, o*s + 17 = g + 7*s. What is the greatest common factor of g and 5?
5
Let b(j) = -187*j**3 - j**2 - j. Let k be b(-1). Suppose 4*s + 4 = 12. Suppose 6 = s*u, -4*u + 12 = n - 17. What is the greatest common divisor of n and k?
17
Suppose 2*n - n + 5*g = 26, g = -5*n + 178. Suppose 5*x - n - 14 = 0. What is the greatest common factor of 30 and x?
10
Let c = 27 - 22. Calculate the greatest common divisor of c and 2.
1
Suppose -504 = -2*d + 3*t, 3*d - 854 + 98 = 5*t. Calculate the greatest common divisor of 28 and d.
28
Let s be (-1)/2 - (-26)/4. Suppose -s = -r + 4. Let u = -167 - -197. What is the highest common factor of u and r?
10
Let k(l) = -2*l**3 + 13*l**2 - 8*l + 15. Let z be k(6). What is the greatest common factor of z and 27?
3
Let p = 11 + -6. Let b = 9 - p. Suppose -5*g + 46 = -b. Calculate the greatest common factor of g and 20.
10
Suppose 5*w + 2 = 6*w. Suppose -w*b = -i + 7 - 0, 18 = 2*i - 3*b. What is the greatest common divisor of 120 and i?
15
Let b(x) = 17*x - 5. Let a be b(4). Suppose -233 - 82 = -15*w. What is the greatest common divisor of a and w?
21
Suppose -3*x + x + 216 = 0. Suppose -328 + x = -4*v. What is the highest common divisor of 22 and v?
11
Let i = -4 - -2. Let d be ((-15)/25)/(i/10). Calculate the highest common divisor of 21 and d.
3
Let i be 45/6*12/15. Suppose -v - h + 33 = 3, 3*v + 4*h - 90 = 0. Suppose 7*w = 2*w + v. What is the highest common factor of i and w?
6
Let u = 112 + -90. Calculate the highest common divisor of u and 2.
2
Suppose 10*z - 39 = 91. Let s(r) = -35*r - 1. Let d be s(-3). Calculate the highest common divisor of z and d.
13
Suppose 0 = -x - 2*y, 0 = -5*y + 3*y - 2. Suppose 0*o - 5*o = -2*a - 318, -3*o = -x*a - 194. Let j = o + -38. What is the greatest common divisor of 60 and j?
12
Suppose 7*y - 4 = 3*y. Let r be (0 - -1) + y*4. Suppose 0 = 5*x + 3*u - 48, r*x + 2*u = 3*u + 44. Calculate the highest common factor of x and 9.
9
Let s = 41 + -25. Suppose 4*y + 85 = 597. What is the greatest common factor of y and s?
16
Suppose 7*u - 171 = -31. Calculate the greatest common factor of u and 16.
4
Suppose 5*f + 9 + 11 = 0. Let g be (78/3)/(f/(-2)). What is the greatest common divisor of 26 and g?
13
Let n(k) = -k**3 + k**2 + 12. Let z be n(0). Calculate the highest common divisor of 36 and z.
12
Let g be ((-25)/10)/(2/(-140)). What is the highest common factor of 25 and g?
25
Let c = 14 + -6. Let o(v) = -v**3 + 11*v**2 - 6*v + 8. Let d be o(7). Let b = d + -106. Calculate the highest common divisor of b and c.
8
Let i(o) be the third derivative of o**4/24 + 121*o**3/6 - o**2. Let u be i(0). Let k = 211 - u. Calculate the highest common factor of k and 15.
15
Let c be (-2)/(1*(-3)/24). Calculate the greatest common factor of c and 4.
4
Let l(v) = -26*v**3 + 2*v**2 + v. Let q be l(-1). Calculate the greatest common divisor of q and 3.
3
Let l(r) = -5*r. Let a be l(-1). Suppose -2*k - a*x = 53, 3*k + x - 5*x = -137. Let n = k + 59. Calculate the greatest common divisor of n and 30.
10
Let x(v) = -6*v - 4. Let w be x(-3). Let g be 186/w - 10/35. Calculate the highest common factor of 65 and g.
13
Suppose -2*y - 3*z + 43 = 0, -4*z + 17 + 45 = 3*y. Calculate the highest common divisor of y and 14.
14
Let g = -25 + 29. Calculate the highest common divisor of 10 and g.
2
Let s(q) = 3*q - 7. Let r be s(4). Calculate the greatest common divisor of r and 35.
5
Let l(j) = j + 2 + 0 - 5. Let m(k) = 3*k. Let v(u) = -3*l(u) + 3*m(u). Let r be v(9). What is the greatest common divisor of 7 and r?
7
Suppose -6*r + 3*r = 3*z, 2*z - 2*r - 20 = 0. Let d(u) = -4 + 4 + u + 11*u**2. Let b be d(-1). Calculate the highest common divisor of b and z.
5
Suppose -5 = 3*z - 5*y - 0*y, -5 = -5*y. Suppose 2*a - 6*a - d = z, d + 5 = a. Let q = -10 - -14. What is the greatest common divisor of a and q?
1
Let p(r) be the first derivative of 5*r**2/2 + 2. Let c be p(6). Suppose 4*x = -c + 186. What is the highest common factor of 13 and x?
13
Suppose -5*c + 32 - 12 = -4*w, c = 3*w + 15. Let z be 63/3 + c + 1. Calculate the highest common divisor of 33 and z.
11
Suppose l + z = 101 + 225, -z = -l + 334. Suppose l = 5*t - 3*t. What is the greatest common divisor of t and 15?
15
Let h be (10/4 - 3)*30. Let m = h + 27. What is the greatest common divisor of 12 and m?
12
Let d = -6 + 13. Let r = -5 + d. Suppose 3*y - 25 = r*y. Calculate the highest common factor of 5 and y.
5
Suppose 3*p = -5*h + 30, -5*h - 2 - 8 = -5*p. Suppose 0 = h*r + 2*r + 40. Let t = 12 - r. Calculate the greatest common divisor of 10 and t.
10
Let f = 27 + 64. Let p = -52 + f. What is the highest common divisor of p and 26?
13
Let j = -1 + 4. Suppose 3*i - 4*g = -i + 108, 46 = j*i + 4*g. Suppose 1 = -3*r + i. What is the greatest common factor of 21 and r?
7
Let p be 5032/20 - ((-6)/(-10) + -1). What is the highest common factor of p and 14?
14
Let r be ((-18)/(-45))/((-1)/(-5)). Suppose -2*l - r*l + 70 = -y, -2*l = -2*y - 32. What is the highest common factor of l and 2?
2
Let h = 677 - 219. Let b = h + -326. What is the greatest common divisor of 12 and b?
12
Let t(y) = 9*y + 7. Let s(o) = 5*o + 4. Let z(w) = -10*s(w) + 6*t(w). Let b be z(6). Calculate the highest common factor of 26 and b.
26
Suppose 0 = 7*a - 5*a - 200. What is the highest common divisor of 25 and a?
25
Let h(o) = -5*o**3 + o**2 + 5. Let m be h(-2). Calculate the highest common factor of m and 539.
49
Let m(q) = 19*q + 9. Let h be m(8). Let f = 311 - 288. Calculate the highest common divisor of h and f.
23
Let i(d) = -12*d**3 + 6*d**2 - 3*d. Let c be i(-2). Calculate the greatest common divisor of c and 28.
14
Suppose 0 = -h - 4*y + 97, -5*y + 386 = 5*h - 39. Calculate the highest common factor of 9 and h.
9
Let s(x) = -x - 1. Let y be s(-5). Suppose -2*r - 160 = -6*r. Calculate the greatest common factor of r and y.
4
Suppose -1161 - 555 = -13*t. Suppose 3*p - p + 10 = r, 2*r + 3*p - 27 = 0. What is the greatest common divisor of t and r?
12
Suppose d - 9 = -0*d. Let i be (6/d)/((-2)/(-39